ab0
Convert -2342c (base 15) to base 14.
-2cd09
3272058 (base 10) to base 13
8a743a
Convert 117a572 (base 13) to base 4.
110223132021
What is 1201012002020 (base 3) in base 9?
1635066
What is 35949 (base 12) in base 11?
4a278
Convert 272989 (base 11) to base 9.
722631
What is 11012013324 (base 5) in base 7?
202355335
1e1af9 (base 16) to base 12
7b1935
What is 3a6611 (base 11) in base 4?
2123311033
Convert -10286224 (base 9) to base 2.
-10010111010011110100001
Convert 11000100111001 (base 2) to base 6.
134201
-422604 (base 9) to base 2
-111101010110000010
Convert -9e66a (base 16) to base 11.
-403508
-400435150 (base 6) to base 14
-c7b838
What is -20210111210201 (base 3) in base 7?
-42462523
What is -100010100111010101010010 (base 2) in base 4?
-202213111102
Convert 144003440 (base 5) to base 15.
101eea
What is -b721cc (base 14) in base 8?
-27473370
Convert -2032212 (base 8) to base 14.
-ddd7c
3c84a7 (base 16) to base 4
33020102213
What is 25339 (base 10) in base 6?
313151
What is 11a603 (base 12) in base 6?
10100003
-a4774b (base 15) to base 4
-131311203101
What is -24603022 (base 7) in base 5?
-1032011234
What is -2515244 (base 8) in base 10?
-694948
Convert 1420511 (base 6) to base 4.
103222123
What is 11121112001 (base 3) in base 8?
261227
What is -424522331 (base 6) in base 7?
-120544162
Convert 44595a (base 12) to base 4.
10021230112
Convert 3013140 (base 5) to base 6.
1005504
Convert -1000101110000101010111 (base 2) to base 5.
-1041122121
-cc3e49 (base 16) to base 4
-303003321021
1010000100001111101 (base 2) to base 14
882cd
What is 12344222 (base 5) in base 9?
205076
13212214 (base 6) to base 11
279585
Convert 134557 (base 9) to base 7.
461242
-28232 (base 9) to base 14
-6d97
What is 10211213214 (base 5) in base 11?
6012a50
What is 1131031012 (base 4) in base 16?
5d346
What is 1001344143 (base 5) in base 6?
110244033
What is 16b93c (base 16) in base 15?
1e63ac
What is 111001110100111001011 (base 2) in base 12?
77468b
1ab26 (base 16) to base 10
109350
33300440 (base 5) to base 16
46fb9
Convert 30dc8 (base 15) to base 3.
21212121022
What is -212208a (base 11) in base 10?
-3736215
Convert 27db82 (base 14) to base 16.
151866
Convert 4b2e (base 15) to base 5.
1003034
Convert -132216 (base 7) to base 13.
-b3a3
What is 14122135 (base 7) in base 4?
11001122131
250522 (base 9) to base 6
3124332
Convert 101a (base 14) to base 11.
2097
Convert -2102200010112 (base 3) to base 13.
-363479
Convert 31385 (base 12) to base 16.
fbd5
What is -92371 (base 14) in base 4?
-1111322233
Convert -10111000001111101 (base 2) to base 3.
-11210101211
-1001111001100100010 (base 2) to base 5
-40340021
1010101110011111110 (base 2) to base 9
585130
Convert -30a0a6 (base 13) to base 16.
-115571
Convert -1001322122 (base 4) to base 7.
-2203052
What is 39438 (base 13) in base 10?
106179
What is 213300 (base 8) in base 2?
10001011011000000
100100111011101101011010 (base 2) to base 9
20185774
Convert 9526427 (base 11) to base 15.
1718e40
Convert -40332203 (base 5) to base 11.
-201514
Convert 279790 (base 10) to base 7.
2243500
-1ad06 (base 16) to base 8
-326406
2790c80 (base 13) to base 8
57565152
Convert -248950 (base 13) to base 6.
-30435304
What is -2175980 (base 11) in base 5?
-1434030432
-356011 (base 9) to base 11
-137041
-3443421 (base 6) to base 12
-86571
Convert -1d647 (base 16) to base 11.
-824a7
Convert 210100010100 (base 3) to base 15.
84699
What is -23503665 (base 7) in base 4?
-13331020332
What is 10423145 (base 6) in base 16?
4cbe9
What is -113303112 (base 4) in base 2?
-10111110011010110
What is 43d932 (base 16) in base 2?
10000111101100100110010
-128531 (base 11) to base 14
-53696
What is -230221 (base 8) in base 7?
-443213
-180ce (base 16) to base 12
-49012
-37733 (base 9) to base 4
-12030213
What is 1272158 (base 9) in base 3?
1022102011222
84445 (base 9) to base 8
154731
What is 2053c (base 14) in base 7?
443005
2200331013 (base 4) to base 10
659271
-1106255 (base 7) to base 16
-215cc
Convert -2010102200211 (base 3) to base 7.
-12415540
7317b5 (base 15) to base 8
24700554
What is 11244243 (base 6) in base 15?
6d2e6
-bbb337 (base 12) to base 4
-23120230123
24050560 (base 8) to base 12
191a180
64526 (base 7) to base 12
934b
What is 10011101010110000010101 (base 2) in base 3?
100200221111211
Convert -1112303332 (base 4) to base 10.
-355582
-1004493 (base 11) to base 16
-1b1f3f
Convert 181c38 (base 15) to base 11.
72a464
-248243 (base 10) to base 7
-2052512
What is 492358 (base 10) in base 8?
1701506
-412116 (base 10) to base 6
-12455540
Convert -104260 (base 8) to base 2.
-1000100010110000
1106150 (base 7) to base 15
2a718
What is -1001110110111100100101 (base 2) in base 12?
-a476b1
What is -33063 (base 8) in base 3?
-201000220
Convert 219810 (base 10) to base 3.
102011112010
Convert 101101121211 (base 3) to base 13.
72166
-2040175 (base 9) to base 12
-44644b
What is 64427 (base 8) in base 13?
c326
Convert -12039 (base 14) to base 10.
-43955
Convert -11064101 (base 8) to base 4.
-21012201001
-3886141 (base 11) to base 4
-121222222303
12529c (base 13) to base 16
6b63b
What is -101111120102 (base 3) in base 16?
-32783
What is 1b19266 (base 13) in base 3?
121212012112000
Convert -15f07 (base 16) to base 13.
-31b97
189c2bc (base 13) to base 4
132310322203
What is ad88a (base 15) in base 9?
1031244
101010000010000100100 (base 2) to base 5
323033231
What is 1122016 (base 10) in base 4?
10101323200
What is -3233011303 (base 4) in base 7?
-11216101
What is 10001000001101101110100 (base 2) in base 6?
235400124
Convert 10101000100101111 (base 2) to base 7.
506442
-10110101001000101110 (base 2) to base 15
-e9c74
Convert 119037 (base 12) to base 13.
9ca48
What is 26105006 (base 8) in base 5?
2441140002
-675909 (base 12) to base 5
-410214324
What is 309626 (base 11) in base 13?
144931
Convert 3004442 (base 7) to base 8.
1264361
What is -111000101011101010000 (base 2) in base 13?
-50053b
Convert -2674b (base 16) to base 3.
-22000001220
Convert -2043432 (base 6) to base 2.
-11000001111101100
3b6 (base 12) to base 8
1072
-5002624 (base 9) to base 5
-1140043141
Convert -706512 (base 8) to base 3.
-102211022102
-141013313 (base 5) to base 12
-2a86a1
Convert 101100110000100100011111 (base 2) to base 7.
201505545
What is -34224 (base 14) in base 7?
-1035144
Convert a238 (base 13) to base 9.
33588
What is -7ebb (base 15) in base 11?
-19281
Convert 20002211112 (base 3) to base 8.
352544
-a7405 (base 11) to base 7
-1220304
What is 3005333 (base 6) in base 9?
234583
What is -556776 (base 13) in base 9?
-3708280
22122210020 (base 3) to base 14
46178
What is -338112 (base 9) in base 10?
-202754
Convert 8199293 (base 11) to base 16.
dce93f
-2917832 (base 11) to base 4
-103020333012
What is -3a131 (base 16) in base 11?
-152799
What is -1374790 (base 10) in base 3?
-2120211212011
-14b3c79 (base 13) to base 4
-121103311313
401067 (base 8) to base 3
20200120112
What is 440057 (base 12) in base 11?
677199
72741 (base 9) to base 5
3013424
What is -10a5a85 (base 11) in base 6?
-105140201
What is 2391cb (base 13) in base 16?
cf1fa
-1004234034 (base 5) to base 15
-29ebb4
-169ac (base 14) to base 5
-3304141
-1142554 (base 9) to base 6
-21132034
-1111222011 (base 3) to base 13
-10795
Convert -484300 (base 11) to base 9.
-1388133
Convert 80322 (base 12) to base 14.
4489c
10110100201121 (base 3) to base 13
4c4557
5610724 (base 8) to base 15
1ece7c
Convert 267139 (base 12) to base 3.
1012020012000
What is 320060 (base 9) in base 8?
563563
Convert -524252 (base 10) to base 4.
-1333333130
What is -20021011021110 (base 3) in base 10?
-3329544
113143 (base 14) to base 3
1002201002120
Convert 212105203 (base 6) to base 12.
1305203
-c7130 (base 13) to base 3
-200012112002
535201 (base 7) to base 2
10110101101111100
Convert -2336813 (base 11) to base 6.
-223233010
Convert 205004 (base 8) to base 10.
68100
Convert 1cd9fe (base 16) to base 13.
512833
What is 25237 (base 12) in base 16?
c50b
-29952 (base 10) to base 14
-acb6
2069b7 (base 13) to base 4
2320322333
Convert -634625 (base 8) to base 10.
-211349
What is 12000121202120 (base 3) in base 13?
726054
-11111011010110101100001 (base 2) to base 3
-120111110012022
What is -1888529 (base 11) in base 7?
-36046400
What is 41a434a (base 11) in base 15?
9b